rue
Is 130049 a composite number?
True
Is 104359 prime?
False
Is 39929 composite?
False
Is 44071 prime?
True
Is 10559 a prime number?
True
Is 13649 a prime number?
True
Is 327679 prime?
False
Is 164077 composite?
True
Is 876955 a prime number?
False
Is 22403 a composite number?
True
Is 1749529 a prime number?
True
Is 24071 composite?
False
Is 8353 a composite number?
False
Is 758237 composite?
False
Is 14519 composite?
False
Is 3386299 composite?
True
Is 1086619 composite?
False
Is 148609 a composite number?
False
Is 300617 prime?
False
Is 55327 composite?
True
Is 271429 a composite number?
False
Is 2927 prime?
True
Is 514297 prime?
False
Is 13261 composite?
True
Is 44003 composite?
True
Is 397 a prime number?
True
Is 1477 prime?
False
Is 7349 a composite number?
False
Is 829403 a composite number?
True
Is 91513 a prime number?
True
Is 983 prime?
True
Is 160271 composite?
True
Is 74551 a composite number?
False
Is 524633 a composite number?
False
Is 96137 a prime number?
True
Is 20833 a prime number?
False
Is 497 a composite number?
True
Is 142403 prime?
True
Is 287383 composite?
False
Is 38959 a composite number?
False
Is 11573 prime?
False
Is 43889 composite?
False
Is 2831 a prime number?
False
Is 818 composite?
True
Is 63267 composite?
True
Is 435895 composite?
True
Is 41219 composite?
True
Is 2856653 composite?
False
Is 9767 prime?
True
Is 2279 a composite number?
True
Is 12451 a composite number?
False
Is 1294817 a composite number?
False
Is 835 a prime number?
False
Is 14059 prime?
False
Is 5077 a prime number?
True
Is 14441 prime?
False
Is 3973 prime?
False
Is 262553 a prime number?
True
Is 12349 a composite number?
True
Is 50411 prime?
True
Is 5411 a prime number?
False
Is 327659 prime?
False
Is 80321 composite?
True
Is 11405 composite?
True
Is 24943 a prime number?
True
Is 532373 composite?
False
Is 16773 a composite number?
True
Is 94279 prime?
False
Is 4369 a prime number?
False
Is 6527 composite?
True
Is 207749 composite?
True
Is 11897 prime?
True
Is 15629 a prime number?
True
Is 8817 a composite number?
True
Is 77201 prime?
True
Is 162379 a prime number?
False
Is 5103661 prime?
False
Is 243641 composite?
True
Is 71113 a prime number?
False
Is 7814 prime?
False
Is 12149 a prime number?
True
Is 38299 composite?
False
Is 1500463 composite?
False
Is 3191 a prime number?
True
Is 11617 a composite number?
False
Is 11969 a prime number?
True
Is 26905 prime?
False
Is 97401 a prime number?
False
Is 4337 a composite number?
False
Is 390883 composite?
False
Is 18371 a composite number?
False
Is 50119 a composite number?
False
Is 2657 prime?
True
Is 57457 a prime number?
True
Is 31751 composite?
False
Is 42191 prime?
False
Is 1931 a prime number?
True
Is 2939 a prime number?
True
Is 54401 a composite number?
False
Is 667 a composite number?
True
Is 37171 a prime number?
True
Is 105457 a composite number?
True
Is 153059 a composite number?
False
Is 161807 prime?
True
Is 32939 a prime number?
True
Is 6121 a prime number?
True
Is 4481 prime?
True
Is 3935 a prime number?
False
Is 40949 prime?
True
Is 664645 a prime number?
False
Is 656063 composite?
False
Is 27647 prime?
True
Is 567439 prime?
True
Is 12871 a prime number?
False
Is 208739 a prime number?
True
Is 11659 composite?
True
Is 2869 composite?
True
Is 3163 composite?
False
Is 117961 composite?
True
Is 2921 a prime number?
False
Is 153689 a prime number?
True
Is 80071 a prime number?
True
Is 2678167 composite?
False
Is 1255 a prime number?
False
Is 414451 a composite number?
False
Is 4812113 prime?
True
Is 51141 a composite number?
True
Is 70991 a composite number?
False
Is 9017 prime?
False
Is 149263 a composite number?
True
Is 17881 prime?
True
Is 234043 a prime number?
True
Is 1655 composite?
True
Is 59 prime?
True
Is 30985 composite?
True
Is 70933 a composite number?
True
Is 22757 a prime number?
False
Is 10843 a prime number?
False
Is 13291 a composite number?
False
Is 3749 prime?
False
Is 221839 prime?
False
Is 392417 a prime number?
False
Is 21767 a prime number?
True
Is 284023 a composite number?
False
Is 60127 a prime number?
True
Is 1416671 a prime number?
True
Is 159977 prime?
True
Is 56921 a composite number?
False
Is 43387 a composite number?
True
Is 2309 prime?
True
Is 22179 a composite number?
True
Is 630533 composite?
True
Is 54037 a composite number?
False
Is 3527 composite?
False
Is 40693 a prime number?
True
Is 4417 a composite number?
True
Is 152261 a composite number?
True
Is 2461 a composite number?
True
Is 16477 composite?
False
Is 19027 a prime number?
False
Is 813107 composite?
False
Is 46841 a prime number?
False
Is 3271 a prime number?
True
Is 696107 composite?
False
Is 545359 composite?
True
Is 638767 composite?
False
Is 6947 composite?
False
Is 117643 prime?
True
Is 24169 composite?
False
Is 203 a prime number?
False
Is 1536805 prime?
False
Is 177863 composite?
True
Is 360497 a composite number?
False
Is 643079 a prime number?
False
Is 2867773 composite?
True
Is 760913 prime?
True
Is 337 a composite number?
False
Is 3281171 a composite number?
False
Is 46333 composite?
True
Is 1549657 a composite number?
False
Is 737473 prime?
False
Is 724381 composite?
True
Is 23185 composite?
True
Is 54311 a composite number?
False
Is 14351 prime?
False
Is 698009 a prime number?
False
Is 58759 a composite number?
True
Is 3898043 composite?
False
Is 41489 composite?
True
Is 910795 a composite number?
True
Is 3842519 composite?
False
Is 133841 composite?
True
Is 2567 a composite number?
True
Is 62857 a composite number?
True
Is 96238 prime?
False
Is 53481 a composite number?
True
Is 6667 prime?
False
Is 22343 prime?
True
Is 3079081 composite?
False
Is 389315 a prime number?
False
Is 3901649 a composite number?
False
Is 114547 composite?
False
Is 17851 a prime number?
True
Is 608847 prime?
False
Is 94291 prime?
True
Is 23321 a prime number?
True
Is 83047 prime?
True
Is 8795 a composite number?
True
Is 5601 prime?
False
Is 70423 composite?
False
Is 2161 prime?
True
Is 13523 a composite number?
False
Is 121663 composite?
True
Is 8497 composite?
True
Is 25161 prime?
False
Is 2437 composite?
False
Is 2229 prime?
False
Is 64189 composite?
False
Is 781283 a prime number?
True
Is 147043 composite?
True
Is 1028761 composite?
False
Is 1361 prime?
True
Is 22229 a prime number?
True
Is 68293 a composite number?
True
Is 5195 prime?
False
Is 29123 a composite number?
False
Is 7133 composite?
True
Is 81127 prime?
False
Is 15427 composite?
False
Is 115309 a prime number?
True
Is 8287 prime?
True
Is 337 a prime number?
True
Is 461345 prime?
False
Is 2336521 a prime number?
False
Is 60887 a composite number?
False
Is 5455 composite?
True
Is 70897 prime?
False
Is 82081 prime?
False
Is 247937 prime?
False
Is 10037 a prime number?
True
Is 7903 prime?
False
Is 454109 a composite number?
False
Is 131723 a prime number?
False
Is 194647 composite?
False
Is 11829 prime?
False
Is 82595 prime?
False
Is 41863 a composite number?
False
Is 6818593 a prime number?
True
Is 38261 composite?
False
Is 52807 prime?
True
Is 2117101 prime?
False
Is 156895 a composite number?
True
Is 176863 composite?
True
Is 132439 a composite number?
False
Is 100609 composite?
False
Is 3303979 prime?
False
Is 5813 composite?
False
Is 58477 a composite number?
False
Is 3065 a composite number?
True
Is 6073 composite?
False
Is 13591 a prime number?
True
Is 9527 a prime number?
False
Is 22559 prime?
False
Is 5351 prime?
True
Is 5006 prime?
False
Is 38501 a prime number?
True
Is 687517 a composite number?
False
Is 54667 composite?
False
Is 179771 composite?
True
Is 37321 a composite number?
False
Is 1762 a composite number?
True
Is 71963 a composite number?
False
Is 396841 prime?
False
Is 10063 a composite number?
True
Is 1577 a composite number?
True
Is 162007 a composite number?
False
Is 6449 prime?
True
Is 587 prime?
True
Is 8581 composite?
False
Is 1303409 a prime number?
True
Is 7817 a prime number?
True
Is 9511 composite?
False
Is 117883 composite?
False
Is 4247 prime?
False
Is 2662393 a composite number?
True
Is 246443 composite?
True
Is 401123 a prime number?
False
Is 21781 prime?
False
Is 96377 a composite number?
False
Is 107021 prime?
True
Is 7753 a prime number?
True
Is 64057 a composite number?
True
Is 109037 a prime 